{"id":7,"date":"2022-12-15T15:50:01","date_gmt":"2022-12-15T15:50:01","guid":{"rendered":"https:\/\/www.designzona.cz\/?page_id=7"},"modified":"2023-09-25T13:28:47","modified_gmt":"2023-09-25T13:28:47","slug":"design-zona","status":"publish","type":"page","link":"https:\/\/www.designzona.cz\/","title":{"rendered":"DESIGNOV\u00c9 MARKETY NA EVENTECH"},"content":{"rendered":"\n<p class=\"has-black-color has-text-color\">Od roku 2015 je sou\u010d\u00e1st\u00ed mnoha n\u00e1mi organizovan\u00fdch festival\u016f, Design z\u00f3na &#8211; v\u00fdb\u011brov\u00e1, prodejn\u00ed a reprezenta\u010dn\u00ed sekce st\u00e1nkov\u00e9ho prodeje na eventech. <br>C\u00edlem Design z\u00f3ny je za zv\u00fdhodn\u011bn\u00fdch podm\u00ednek prezentovat a podporovat p\u0159edev\u0161\u00edm (nikoliv v\u0161ak pouze) \u010deskou a slovenskou autorskou tvorbu z oblasti m\u00f3dy, u\u017eit\u00e9ho, vizu\u00e1ln\u00edho um\u011bn\u00ed, designu a t\u00e9mat s t\u00edm souvisej\u00edc\u00edch. <br>Z\u00f3na m\u00e1 omezenou kapacitu a snahou je o co nejpest\u0159ej\u0161\u00ed \u0161k\u00e1lu tvorby z r\u016fzn\u00fdch obor\u016f, kter\u00e1 by m\u011bla b\u00fdt prezentov\u00e1na n\u00e1v\u0161t\u011bvn\u00edk\u016fm. Nab\u00edz\u00edme pro st\u00e1nka\u0159e kompletn\u00ed organiza\u010dn\u00ed a technick\u00e9 z\u00e1zem\u00ed.<br>Prezentace v z\u00f3n\u011b je perfektn\u00ed startovn\u00ed \u010d\u00e1rou pro za\u010d\u00ednaj\u00edc\u00ed design\u00e9ry. Umo\u017e\u0148uje setk\u00e1v\u00e1n\u00ed se z\u00e1kazn\u00edky a zp\u011btnou vazbu i t\u011bm, kte\u0159\u00ed nemaj\u00ed kamennou prodejnu, cht\u011bj\u00ed se prosadit \u010di p\u0159edstavit na trhu.<\/p>\n\n\n\n<hr class=\"wp-block-separator has-alpha-channel-opacity\"\/>\n\n\n\n<h2 class=\"wp-block-heading has-text-align-center\">NEJBLI\u017d\u0160\u00cd EVENTY<\/h2>\n\n\n\n<figure class=\"wp-block-gallery has-nested-images columns-default is-cropped wp-block-gallery-1 is-layout-flex wp-block-gallery-is-layout-flex\">\n<figure class=\"wp-block-image size-large\"><img loading=\"lazy\" decoding=\"async\" width=\"1024\" height=\"576\" data-id=\"254\" src=\"https:\/\/www.designzona.cz\/wp-content\/uploads\/2023\/09\/FB-Banner-Vanoce-DESIGNHALI-1024x576.png\" alt=\"\" class=\"wp-image-254\" srcset=\"https:\/\/www.designzona.cz\/wp-content\/uploads\/2023\/09\/FB-Banner-Vanoce-DESIGNHALI-1024x576.png 1024w, https:\/\/www.designzona.cz\/wp-content\/uploads\/2023\/09\/FB-Banner-Vanoce-DESIGNHALI-300x169.png 300w, https:\/\/www.designzona.cz\/wp-content\/uploads\/2023\/09\/FB-Banner-Vanoce-DESIGNHALI-768x432.png 768w, https:\/\/www.designzona.cz\/wp-content\/uploads\/2023\/09\/FB-Banner-Vanoce-DESIGNHALI-1536x864.png 1536w, https:\/\/www.designzona.cz\/wp-content\/uploads\/2023\/09\/FB-Banner-Vanoce-DESIGNHALI-2048x1152.png 2048w, https:\/\/www.designzona.cz\/wp-content\/uploads\/2023\/09\/FB-Banner-Vanoce-DESIGNHALI-1140x641.png 1140w\" sizes=\"auto, (max-width: 1024px) 100vw, 1024px\" \/><\/figure>\n<\/figure>\n\n\n\n<p><a href=\"https:\/\/www.designhali.cz\/?p=674\">V\u00c1NO\u010cN\u00cd DESIGNHAL\u00cd 16.-17.12.2023<\/a><\/p>\n\n\n\n<p>Dal\u0161\u00ed designov\u00fd market DESIGNHAL\u00cd v Trojhal\u00ed se bude konat 16.-17.12.2023 a ponese se v duchu V\u00e1noc. P\u0159ipravujeme spoustu novinek!<\/p>\n\n\n<ul class=\"wp-block-latest-posts__list aligncenter wp-block-latest-posts has-medium-font-size\"><li><div class=\"wp-block-latest-posts__featured-image aligncenter\"><a href=\"https:\/\/www.designzona.cz\/?p=81\" aria-label=\"JARN\u00cd DESIGNHAL\u00cd 2023\"><img loading=\"lazy\" decoding=\"async\" width=\"960\" height=\"540\" src=\"https:\/\/www.designzona.cz\/wp-content\/uploads\/2022\/12\/FB-Banner-1024x576.jpg\" class=\"attachment-large size-large wp-post-image\" alt=\"\" style=\"max-width:1024px;\" srcset=\"https:\/\/www.designzona.cz\/wp-content\/uploads\/2022\/12\/FB-Banner-1024x576.jpg 1024w, https:\/\/www.designzona.cz\/wp-content\/uploads\/2022\/12\/FB-Banner-300x169.jpg 300w, https:\/\/www.designzona.cz\/wp-content\/uploads\/2022\/12\/FB-Banner-768x432.jpg 768w, https:\/\/www.designzona.cz\/wp-content\/uploads\/2022\/12\/FB-Banner-1536x864.jpg 1536w, https:\/\/www.designzona.cz\/wp-content\/uploads\/2022\/12\/FB-Banner-2048x1152.jpg 2048w, https:\/\/www.designzona.cz\/wp-content\/uploads\/2022\/12\/FB-Banner-1140x641.jpg 1140w\" sizes=\"auto, (max-width: 960px) 100vw, 960px\" \/><\/a><\/div><a class=\"wp-block-latest-posts__post-title\" href=\"https:\/\/www.designzona.cz\/?p=81\">JARN\u00cd DESIGNHAL\u00cd 2023<\/a><div class=\"wp-block-latest-posts__post-excerpt\">Dal\u0161\u00ed designov\u00fd market DESIGNHAL\u00cd v Trojhal\u00ed se bude konat 25.3.2023 a ponese se v duchu Velikonoc. P\u0159ipravujeme spoustu novinek !<\/div><\/li>\n<li><div class=\"wp-block-latest-posts__featured-image aligncenter\"><a href=\"https:\/\/www.designzona.cz\/?p=62\" aria-label=\"COLOURS OF OSTRAVA 2023\"><img loading=\"lazy\" decoding=\"async\" width=\"960\" height=\"438\" src=\"https:\/\/www.designzona.cz\/wp-content\/uploads\/2022\/12\/DSC_1238-1024x467.jpg\" class=\"attachment-large size-large wp-post-image\" alt=\"\" style=\"max-width:1024px;\" srcset=\"https:\/\/www.designzona.cz\/wp-content\/uploads\/2022\/12\/DSC_1238-1024x467.jpg 1024w, https:\/\/www.designzona.cz\/wp-content\/uploads\/2022\/12\/DSC_1238-300x137.jpg 300w, https:\/\/www.designzona.cz\/wp-content\/uploads\/2022\/12\/DSC_1238-768x350.jpg 768w, https:\/\/www.designzona.cz\/wp-content\/uploads\/2022\/12\/DSC_1238-1140x520.jpg 1140w, https:\/\/www.designzona.cz\/wp-content\/uploads\/2022\/12\/DSC_1238.jpg 1300w\" sizes=\"auto, (max-width: 960px) 100vw, 960px\" \/><\/a><\/div><a class=\"wp-block-latest-posts__post-title\" href=\"https:\/\/www.designzona.cz\/?p=62\">COLOURS OF OSTRAVA 2023<\/a><div class=\"wp-block-latest-posts__post-excerpt\">I v uplynul\u00e9m ro\u010dn\u00edku festivalu Colours of Ostrava jsme m\u011bli na starosti v\u00fdb\u011br designer\u016f a technick\u00e9 \u0159e\u0161en\u00ed Design z\u00f3ny.<\/div><\/li>\n<\/ul>\n\n\n<hr class=\"wp-block-separator has-alpha-channel-opacity\"\/>\n","protected":false},"excerpt":{"rendered":"<p>Od roku 2015 je sou\u010d\u00e1st\u00ed mnoha n\u00e1mi organizovan\u00fdch festival\u016f, Design z\u00f3na &#8211; v\u00fdb\u011brov\u00e1, prodejn\u00ed a reprezenta\u010dn\u00ed sekce st\u00e1nkov\u00e9ho prodeje na eventech. C\u00edlem Design z\u00f3ny je za zv\u00fdhodn\u011bn\u00fdch podm\u00ednek prezentovat a podporovat p\u0159edev\u0161\u00edm (nikoliv v\u0161ak pouze) \u010deskou a slovenskou autorskou tvorbu z oblasti m\u00f3dy, u\u017eit\u00e9ho, vizu\u00e1ln\u00edho um\u011bn\u00ed, designu a t\u00e9mat s t\u00edm souvisej\u00edc\u00edch. Z\u00f3na m\u00e1 omezenou kapacitu a snahou je o co nejpest\u0159ej\u0161\u00ed \u0161k\u00e1lu tvorby z r\u016fzn\u00fdch obor\u016f, kter\u00e1 by m\u011bla b\u00fdt prezentov\u00e1na n\u00e1v\u0161t\u011bvn\u00edk\u016fm. Nab\u00edz\u00edme pro st\u00e1nka\u0159e kompletn\u00ed organiza\u010dn\u00ed a technick\u00e9 z\u00e1zem\u00ed.Prezentace v z\u00f3n\u011b je perfektn\u00ed startovn\u00ed \u010d\u00e1rou pro za\u010d\u00ednaj\u00edc\u00ed design\u00e9ry. Umo\u017e\u0148uje setk\u00e1v\u00e1n\u00ed se z\u00e1kazn\u00edky a zp\u011btnou vazbu i t\u011bm, kte\u0159\u00ed nemaj\u00ed kamennou prodejnu, cht\u011bj\u00ed se prosadit \u010di p\u0159edstavit na trhu. NEJBLI\u017d\u0160\u00cd EVENTY V\u00c1NO\u010cN\u00cd DESIGNHAL\u00cd 16.-17.12.2023 Dal\u0161\u00ed designov\u00fd market DESIGNHAL\u00cd v Trojhal\u00ed se bude konat 16.-17.12.2023 a ponese se v duchu V\u00e1noc. P\u0159ipravujeme spoustu novinek!<\/p>\n","protected":false},"author":1,"featured_media":0,"parent":0,"menu_order":0,"comment_status":"closed","ping_status":"closed","template":"","meta":{"footnotes":""},"class_list":["post-7","page","type-page","status-publish","hentry"],"acf":[],"_links":{"self":[{"href":"https:\/\/www.designzona.cz\/index.php?rest_route=\/wp\/v2\/pages\/7","targetHints":{"allow":["GET"]}}],"collection":[{"href":"https:\/\/www.designzona.cz\/index.php?rest_route=\/wp\/v2\/pages"}],"about":[{"href":"https:\/\/www.designzona.cz\/index.php?rest_route=\/wp\/v2\/types\/page"}],"author":[{"embeddable":true,"href":"https:\/\/www.designzona.cz\/index.php?rest_route=\/wp\/v2\/users\/1"}],"replies":[{"embeddable":true,"href":"https:\/\/www.designzona.cz\/index.php?rest_route=%2Fwp%2Fv2%2Fcomments&post=7"}],"version-history":[{"count":28,"href":"https:\/\/www.designzona.cz\/index.php?rest_route=\/wp\/v2\/pages\/7\/revisions"}],"predecessor-version":[{"id":256,"href":"https:\/\/www.designzona.cz\/index.php?rest_route=\/wp\/v2\/pages\/7\/revisions\/256"}],"wp:attachment":[{"href":"https:\/\/www.designzona.cz\/index.php?rest_route=%2Fwp%2Fv2%2Fmedia&parent=7"}],"curies":[{"name":"wp","href":"https:\/\/api.w.org\/{rel}","templated":true}]}}

DESIGNOVÉ MARKETY NA EVENTECH

<p class="has-black-color has-text-color">Od roku 2015 je součástí mnoha námi organizovaných festivalů, Design zóna &#8211; výběrová, prodejní a reprezentační sekce stánkového prodeje na eventech. <br>Cílem Design zóny je za zvýhodněných podmínek prezentovat a podporovat především (nikoliv však pouze) českou a slovenskou autorskou tvorbu z oblasti módy, užitého, vizuálního umění, designu a témat s tím souvisejících. <br>Zóna má omezenou kapacitu a snahou je o co nejpestřejší škálu tvorby z různých oborů, která by měla být prezentována návštěvníkům. Nabízíme pro stánkaře kompletní organizační a technické zázemí.<br>Prezentace v zóně je perfektní startovní čárou pro začínající designéry. Umožňuje setkávání se zákazníky a zpětnou vazbu i těm, kteří nemají kamennou prodejnu, chtějí se prosadit či představit na trhu.</p>



<hr class="wp-block-separator has-alpha-channel-opacity"/>



<h2 class="wp-block-heading has-text-align-center">NEJBLIŽŠÍ EVENTY</h2>



<figure class="wp-block-gallery has-nested-images columns-default is-cropped wp-block-gallery-1 is-layout-flex wp-block-gallery-is-layout-flex">
<figure class="wp-block-image size-large"><img loading="lazy" decoding="async" width="1024" height="576" data-id="254" src="https://www.designzona.cz/wp-content/uploads/2023/09/FB-Banner-Vanoce-DESIGNHALI-1024x576.png" alt="" class="wp-image-254" srcset="https://www.designzona.cz/wp-content/uploads/2023/09/FB-Banner-Vanoce-DESIGNHALI-1024x576.png 1024w, https://www.designzona.cz/wp-content/uploads/2023/09/FB-Banner-Vanoce-DESIGNHALI-300x169.png 300w, https://www.designzona.cz/wp-content/uploads/2023/09/FB-Banner-Vanoce-DESIGNHALI-768x432.png 768w, https://www.designzona.cz/wp-content/uploads/2023/09/FB-Banner-Vanoce-DESIGNHALI-1536x864.png 1536w, https://www.designzona.cz/wp-content/uploads/2023/09/FB-Banner-Vanoce-DESIGNHALI-2048x1152.png 2048w, https://www.designzona.cz/wp-content/uploads/2023/09/FB-Banner-Vanoce-DESIGNHALI-1140x641.png 1140w" sizes="auto, (max-width: 1024px) 100vw, 1024px" /></figure>
</figure>



<p><a href="https://www.designhali.cz/?p=674">VÁNOČNÍ DESIGNHALÍ 16.-17.12.2023</a></p>



<p>Další designový market DESIGNHALÍ v Trojhalí se bude konat 16.-17.12.2023 a ponese se v duchu Vánoc. Připravujeme spoustu novinek!</p>


<ul class="wp-block-latest-posts__list aligncenter wp-block-latest-posts has-medium-font-size"><li><div class="wp-block-latest-posts__featured-image aligncenter"><a href="https://www.designzona.cz/?p=81" aria-label="JARNÍ DESIGNHALÍ 2023"><img loading="lazy" decoding="async" width="960" height="540" src="https://www.designzona.cz/wp-content/uploads/2022/12/FB-Banner-1024x576.jpg" class="attachment-large size-large wp-post-image" alt="" style="max-width:1024px;" srcset="https://www.designzona.cz/wp-content/uploads/2022/12/FB-Banner-1024x576.jpg 1024w, https://www.designzona.cz/wp-content/uploads/2022/12/FB-Banner-300x169.jpg 300w, https://www.designzona.cz/wp-content/uploads/2022/12/FB-Banner-768x432.jpg 768w, https://www.designzona.cz/wp-content/uploads/2022/12/FB-Banner-1536x864.jpg 1536w, https://www.designzona.cz/wp-content/uploads/2022/12/FB-Banner-2048x1152.jpg 2048w, https://www.designzona.cz/wp-content/uploads/2022/12/FB-Banner-1140x641.jpg 1140w" sizes="auto, (max-width: 960px) 100vw, 960px" /></a></div><a class="wp-block-latest-posts__post-title" href="https://www.designzona.cz/?p=81">JARNÍ DESIGNHALÍ 2023</a><div class="wp-block-latest-posts__post-excerpt">Další designový market DESIGNHALÍ v Trojhalí se bude konat 25.3.2023 a ponese se v duchu Velikonoc. Připravujeme spoustu novinek !</div></li>
<li><div class="wp-block-latest-posts__featured-image aligncenter"><a href="https://www.designzona.cz/?p=62" aria-label="COLOURS OF OSTRAVA 2023"><img loading="lazy" decoding="async" width="960" height="438" src="https://www.designzona.cz/wp-content/uploads/2022/12/DSC_1238-1024x467.jpg" class="attachment-large size-large wp-post-image" alt="" style="max-width:1024px;" srcset="https://www.designzona.cz/wp-content/uploads/2022/12/DSC_1238-1024x467.jpg 1024w, https://www.designzona.cz/wp-content/uploads/2022/12/DSC_1238-300x137.jpg 300w, https://www.designzona.cz/wp-content/uploads/2022/12/DSC_1238-768x350.jpg 768w, https://www.designzona.cz/wp-content/uploads/2022/12/DSC_1238-1140x520.jpg 1140w, https://www.designzona.cz/wp-content/uploads/2022/12/DSC_1238.jpg 1300w" sizes="auto, (max-width: 960px) 100vw, 960px" /></a></div><a class="wp-block-latest-posts__post-title" href="https://www.designzona.cz/?p=62">COLOURS OF OSTRAVA 2023</a><div class="wp-block-latest-posts__post-excerpt">I v uplynulém ročníku festivalu Colours of Ostrava jsme měli na starosti výběr designerů a technické řešení Design zóny.</div></li>
</ul>


<hr class="wp-block-separator has-alpha-channel-opacity"/>

<p>Od roku 2015 je součástí mnoha námi organizovaných festivalů, Design zóna &#8211; výběrová, prodejní a reprezentační sekce stánkového prodeje na eventech. Cílem Design zóny je za zvýhodněných podmínek prezentovat a podporovat především (nikoliv však pouze) českou a slovenskou autorskou tvorbu z oblasti módy, užitého, vizuálního umění, designu a témat s tím souvisejících. Zóna má omezenou kapacitu a snahou je o co nejpestřejší škálu tvorby z různých oborů, která by měla být prezentována návštěvníkům. Nabízíme pro stánkaře kompletní organizační a technické zázemí.Prezentace v zóně je perfektní startovní čárou pro začínající designéry. Umožňuje setkávání se zákazníky a zpětnou vazbu i těm, kteří nemají kamennou prodejnu, chtějí se prosadit či představit na trhu. NEJBLIŽŠÍ EVENTY VÁNOČNÍ DESIGNHALÍ 16.-17.12.2023 Další designový market DESIGNHALÍ v Trojhalí se bude konat 16.-17.12.2023 a ponese se v duchu Vánoc. Připravujeme spoustu novinek!</p>
